9358?
8
What is the hundred thousands digit of 124000894?
0
What is the hundreds digit of 18408445?
4
What is the hundred thousands digit of 208254525?
2
What is the hundred millions digit of 1453056299?
4
What is the ten thousands digit of 1132689912?
8
What is the ten millions digit of 3188998535?
8
What is the thousands digit of 88330273?
0
What is the units digit of 31690165?
5
What is the tens digit of 239208824?
2
What is the ten millions digit of 1398231151?
9
What is the tens digit of 67410126?
2
What is the thousands digit of 270819416?
9
What is the thousands digit of 332250447?
0
What is the ten thousands digit of 2574669799?
6
What is the hundred thousands digit of 42116619?
1
What is the hundred millions digit of 419997971?
4
What is the ten millions digit of 282353174?
8
What is the tens digit of 416844082?
8
What is the units digit of 1877233156?
6
What is the ten thousands digit of 3416046263?
4
What is the thousands digit of 274992618?
2
What is the ten millions digit of 16322493?
1
What is the millions digit of 31401256?
1
What is the hundreds digit of 2031000304?
3
What is the millions digit of 2684267957?
4
What is the millions digit of 624977323?
4
What is the ten thousands digit of 273445643?
4
What is the millions digit of 4576361193?
6
What is the millions digit of 630111793?
0
What is the hundreds digit of 59940562?
5
What is the ten thousands digit of 17513665?
1
What is the ten thousands digit of 14166044?
6
What is the units digit of 99695866?
6
What is the hundreds digit of 353988261?
2
What is the hundreds digit of 8585796001?
0
What is the millions digit of 24343473?
4
What is the hundreds digit of 24928519?
5
What is the hundreds digit of 223893269?
2
What is the millions digit of 189229718?
9
What is the units digit of 77530771?
1
What is the millions digit of 11359278?
1
What is the millions digit of 28982321?
8
What is the tens digit of 34186143?
4
What is the hundred thousands digit of 14712336?
7
What is the thousands digit of 299421105?
1
What is the hundreds digit of 207628920?
9
What is the units digit of 74462222?
2
What is the thousands digit of 22294843?
4
What is the hundreds digit of 1274372469?
4
What is the hundred thousands digit of 33453173?
4
What is the ten thousands digit of 3195879539?
7
What is the ten thousands digit of 26270641?
7
What is the hundred millions digit of 1417645810?
4
What is the hundreds digit of 5913414052?
0
What is the hundreds digit of 345303287?
2
What is the billions digit of 4861986358?
4
What is the hundred thousands digit of 1079387383?
3
What is the hundreds digit of 441590893?
8
What is the hundred thousands digit of 271317802?
3
What is the hundred thousands digit of 1884359828?
3
What is the ten thousands digit of 630215971?
1
What is the hundred millions digit of 2990150731?
9
What is the hundred thousands digit of 3203510187?
5
What is the hundreds digit of 462724364?
3
What is the hundred millions digit of 511378449?
5
What is the thousands digit of 1516444218?
4
What is the thousands digit of 27864224?
4
What is the units digit of 336195241?
1
What is the hundred millions digit of 193099113?
1
What is the thousands digit of 89736544?
6
What is the hundreds digit of 52036090?
0
What is the tens digit of 231427384?
8
What is the units digit of 138544892?
2
What is the hundred millions digit of 630333221?
6
What is the ten millions digit of 400204239?
0
What is the ten thousands digit of 74517032?
1
What is the thousands digit of 2336827408?
7
What is the hundreds digit of 31613340?
3
What is the hundred thousands digit of 77773526?
7
What is the units digit of 14107603?
3
What is the hundred millions digit of 162211491?
1
What is the millions digit of 577930019?
7
What is the hundred thousands digit of 1902266627?
2
What is the units digit of 155357244?
4
What is the hundred thousands digit of 4885347?
8
What is the hundreds digit of 71446854?
8
What is the millions digit of 9459938389?
9
What is the hundreds digit of 333557991?
9
What is the ten millions digit of 34008244?
3
What is the ten thousands digit of 122574860?
7
What is the millions digit of 15049094?
5
What is the hundred millions digit of 305117080?
3
What is the hundreds digit of 1374087462?
4
What is the tens digit of 3608074?
7
What is the ten thousands digit of 129362508?
6
What is the thousands digit of 3255323803?
3
What is the thousands digit of 4950210927?
0
What is the tens digit of 44821145?
4
What is the tens digit of 762401541?
4
What is the tens digit of 624102338?
3
What is the hundred thousands digit of 31358714?
3
What is the thousands digit of 92966690?
6
What is the hundred thousands digit of 237422075?
4
What is the hundreds digit of 2947243709?
7
What is the hundred millions digit of 156263083?
1
What is the ten millions digit of 186809562?
8
What is the hundred thousands digit of 382399624?
3
What is the hundred millions digit of 359271237?
3
What is the hundred millions digit of 2179049719?
1
What is the millions digit of 29391029?
9
What is the hundred thousands digit of 6542170757?
1
What is the tens digit of 142194470?
7
What is the hundreds digit of 178095609?
6
What is the hundred thousands digit of 240893548?
8
What is the ten thousands digit of 34322529?
2
What is the hundred millions digit of 1159047128?
1
What is the ten thousands digit of 202609595?
0
What is the thousands digit of 303409751?
9
What is the units digit of 60223517?
7
What is the ten millions digit of 23024531?
2
What is the tens digit of 583881180?
8
What is the ten millions digit of 166274749?
6
What is the hundred thousands digit of 601235872?
2
What is the units digit of 2477045330?
0
What is the billions digit of 1175917098?
1
What is the hundreds digit of 28893946?
9
What is the ten millions digit of 312518794?
1
What is the ten thousands digit of 1780691008?
9
What is the ten millions digit of 149441886?
4
What is the ten thousands digit of 100280933?
8
What is the ten millions digit of 1010141768?
1
What is the tens digit of 73028478?
7
What is the ten millions digit of 2397152334?
9
What is the ten millions digit of 293049687?
9
What is the hundred thousands digit of 4082877814?
8
What is the units digit of 126512477?
7
What is the tens digit of 247548229?
2
What is the hundreds digit of 3360347335?
3
What is the units digit of 1731465099?
9
What is the hundred thousands digit of 116917118?
9
What is the ten millions digit of 1283830643?
8
What is the hundreds digit of 183894702?
7
What is the ten thousands digit of 372006698?
0
What is the units digit of 736966412?
2
What is the units digit of 606488587?
7
What is the hundreds digit of 5533110211?
2
What is the units digit of 86052863?
3
What is the tens digit of 36940474?
7
What is the hundred thousands digit of 1353319706?
3
What is the hundreds digit of 159697046?
0
What is the tens digit of 368844322?
2
What is the hundred thousands digit of 200076816?
0
What is the hundreds digit of 45776606?
6
What is the hundreds digit of 563834106?
1
What is the tens digit of 225056586?
8
What is the ten thousands digit of 46242503?
4
What is the hundreds digit of 830408953?
9
What is the ten thousands digit of 403018388?
1
What is the millions digit of 1597599801?
7
What is the hundred thousands digit of 150623427?
6
What is the tens digit of 186698702?
0
What is the hundred thousands digit of 749141230?
1
What is the ten millions digit of 518979552?
1
What is the ten millions digit of 107092104?
0
What is the hundreds digit of 704907313?
3
What is the tens digit of 143821115?
1
What is the ten millions digit of 111707322?
1
What is the tens digit of 47409508?
0
What is the units digit of 315971351?
1
What is the millions digit of 160759810?
0
What is the ten thousands digit of 805233229?
3
What is the thousands digit of 58904814?
4
What is the thousands digit of 577674849?
4
What is the tens digit of 81676380?
8
What is the ten thousands digit of 72431990?
3
What is the hundreds digit of 1497056020?
0
What is the thousands digit of 128217724?
7
What is the tens digit of 1754238878?
7
What is the tens digit of 82484235?
3
What is the tens digit of 803171851?
5
What is the billions digit of 1341774749?
1
What is the hundred thousands digit of 1